ainder when 73056764 is divided by 4058709?
2
Calculate the remainder when 6486378 is divided by 9.
6
Calculate the remainder when 606075 is divided by 121194.
105
Calculate the remainder when 6213545 is divided by 4250.
45
Calculate the remainder when 56570151 is divided by 66.
33
What is the remainder when 24219518 is divided by 142?
140
Calculate the remainder when 1931860 is divided by 15.
10
Calculate the remainder when 648093 is divided by 832.
797
Calculate the remainder when 112478 is divided by 5903.
321
Calculate the remainder when 11870611 is divided by 52.
51
What is the remainder when 112377 is divided by 2017?
1442
Calculate the remainder when 2583170 is divided by 82.
6
Calculate the remainder when 15671260 is divided by 824802.
22
What is the remainder when 889139 is divided by 177720?
539
What is the remainder when 141489 is divided by 1371?
276
What is the remainder when 194924 is divided by 8848?
268
What is the remainder when 3667880 is divided by 75?
5
What is the remainder when 25070382 is divided by 1671355?
57
What is the remainder when 1928545 is divided by 62?
35
Calculate the remainder when 3397624 is divided by 69339.
13
Calculate the remainder when 52781 is divided by 5651.
1922
Calculate the remainder when 337461 is divided by 337427.
34
What is the remainder when 1172650 is divided by 409?
47
Calculate the remainder when 463445 is divided by 3921.
767
What is the remainder when 247591 is divided by 22480?
311
Calculate the remainder when 33839300 is divided by 116286.
74
What is the remainder when 503803 is divided by 161?
34
What is the remainder when 89018 is divided by 133?
41
Calculate the remainder when 15171871 is divided by 168.
127
Calculate the remainder when 32835060 is divided by 16417513.
34
Calculate the remainder when 53318 is divided by 52419.
899
Calculate the remainder when 6363502 is divided by 121.
112
What is the remainder when 1118662221 is divided by 4?
1
What is the remainder when 8440881 is divided by 22509?
6
What is the remainder when 5662821 is divided by 566281?
11
Calculate the remainder when 79882451 is divided by 78.
77
What is the remainder when 6660 is divided by 5797?
863
Calculate the remainder when 17741250 is divided by 4150.
0
Calculate the remainder when 198787 is divided by 11.
6
What is the remainder when 7010724 is divided by 25?
24
Calculate the remainder when 95947 is divided by 1317.
1123
Calculate the remainder when 288541471 is divided by 16.
15
What is the remainder when 39460701 is divided by 9865172?
13
What is the remainder when 357738776 is divided by 28?
24
Calculate the remainder when 48552274 is divided by 35.
29
Calculate the remainder when 48566332 is divided by 248.
244
Calculate the remainder when 642336042 is divided by 4184.
4178
What is the remainder when 331151 is divided by 165425?
301
Calculate the remainder when 4172628 is divided by 2086184.
260
Calculate the remainder when 582845355 is divided by 557.
555
What is the remainder when 6000556 is divided by 20?
16
What is the remainder when 876820 is divided by 25?
20
What is the remainder when 11380229 is divided by 1865?
1864
Calculate the remainder when 487626 is divided by 197.
51
Calculate the remainder when 50903 is divided by 1289.
632
Calculate the remainder when 50466945 is divided by 95.
0
What is the remainder when 22921941 is divided by 202849?
4
What is the remainder when 57742 is divided by 1247?
380
Calculate the remainder when 23136770 is divided by 1122.
8
What is the remainder when 4434661 is divided by 4091?
17
Calculate the remainder when 112717 is divided by 21.
10
What is the remainder when 7823195 is divided by 889?
884
What is the remainder when 37768 is divided by 1693?
522
Calculate the remainder when 1066058 is divided by 31320.
1178
What is the remainder when 180842905 is divided by 271?
269
Calculate the remainder when 284262 is divided by 128.
102
What is the remainder when 849049441 is divided by 7418?
7415
Calculate the remainder when 20809162 is divided by 352.
330
Calculate the remainder when 5874695 is divided by 499.
467
Calculate the remainder when 244985 is divided by 238487.
6498
What is the remainder when 6313327 is divided by 99?
97
What is the remainder when 61819 is divided by 20606?
1
What is the remainder when 18970778 is divided by 198?
2
Calculate the remainder when 516996 is divided by 4.
0
What is the remainder when 392253 is divided by 13073?
63
Calculate the remainder when 5467596 is divided by 35274.
126
Calculate the remainder when 545789 is divided by 272855.
79
Calculate the remainder when 894396230 is divided by 8.
6
What is the remainder when 796466 is divided by 19911?
26
Calculate the remainder when 110701 is divided by 13826.
93
Calculate the remainder when 3140449462 is divided by 1357.
1356
What is the remainder when 3161211 is divided by 1053641?
288
What is the remainder when 11052 is divided by 2203?
37
Calculate the remainder when 12171659 is divided by 869403.
17
What is the remainder when 11935419 is divided by 857?
837
What is the remainder when 1034267 is divided by 172377?
5
Calculate the remainder when 1547806 is divided by 117.
13
Calculate the remainder when 348484 is divided by 31650.
334
What is the remainder when 53605106 is divided by 1261?
1257
Calculate the remainder when 107668 is divided by 3934.
1450
Calculate the remainder when 4881 is divided by 4639.
242
What is the remainder when 23675 is divided by 7871?
62
Calculate the remainder when 34620 is divided by 5652.
708
What is the remainder when 5555353 is divided by 173?
150
What is the remainder when 531170 is divided by 1613?
493
Calculate the remainder when 9755816 is divided by 204.
128
Calculate the remainder when 487665 is divided by 27088.
81
What is the remainder when 919373 is divided by 231?
224
Calculate the remainder when 611028 is divided by 8147.
3
Calculate the remainder when 1476658 is divided by 49.
43
What is the remainder when 1984 is divided by 1973?
11
What is the remainder when 3423664 is divided by 3423653?
11
What is the remainder when 1537705 is divided by 15377?
5
What is the remainder when 1050982 is divided by 3996?
34
What is the remainder when 48547 is divided by 8071?
121
What is the remainder when 644454 is divided by 356?
94
What is the remainder when 386893058 is divided by 1031?
1029
Calculate the remainder when 45380781 is divided by 7.
5
What is the remainder when 314001 is divided by 2566?
949
Calculate the remainder when 1828000 is divided by 1187.
20
What is the remainder when 5052169 is divided by 357?
262
What is the remainder when 1585762 is divided by 8810?
8772
What is the remainder when 1132706 is divided by 41?
40
What is the remainder when 7230025 is divided by 221?
10
What is the remainder when 941097 is divided by 4942?
2117
Calculate the remainder when 389984 is divided by 420.
224
Calculate the remainder when 18364 is divided by 1974.
598
Calculate the remainder when 50078 is divided by 6745.
2863
What is the remainder when 46560670 is divided by 1493?
1465
What is the remainder when 452045 is divided by 327?
131
What is the remainder when 6098437 is divided by 14282?
23
What is the remainder when 628380 is divided by 686?
4
What is the remainder when 4336879 is divided by 128?
111
What is the remainder when 5879966 is divided by 711?
707
What is the remainder when 1893059 is divided by 3997?
2478
Calculate the remainder when 6164267 is divided by 804.
803
Calculate the remainder when 8242545 is divided by 46306.
77
Calculate the remainder when 93886 is divided by 1479.
709
What is the remainder when 4567106 is divided by 148?
122
Calculate the remainder when 218769848 is divided by 85.
78
Calculate the remainder when 5072677 is divided by 1014532.
17
Calculate the remainder when 323739 is divided by 161528.
683
What is the remainder when 1468620 is divided by 322?
300
Calculate the remainder when 175470 is divided by 175435.
35
What is the remainder when 92080236 is divided by 21?
3
Calculate the remainder when 1182672 is divided by 181.
18
What is the remainder when 90698 is divided by 3235?
118
Calculate the remainder when 17200136 is divided by 491431.
51
Calculate the remainder when 49918054 is divided by 